sands digit of y?
4
What is the tens digit of (-423)/564 - (-26747)/4?
8
Let l be 2180/(-8)*(-216)/(-30). Let r = l - -3338. What is the thousands digit of r?
1
What is the thousands digit of (-4)/62 + 1075536/341?
3
Let d(h) = -h**2 - 30*h + 373. What is the hundreds digit of d(-23)?
5
Suppose 748*t + 12033 = 769*t. What is the units digit of t?
3
Suppose -2*x = 4*z - 2086, 3*x = -0*z + 4*z + 3119. Suppose -6*c - x = -3093. What is the units digit of c?
2
Let d(q) = 44*q - 19. Let s be ((90/(-12))/(-5))/(7/42). What is the hundreds digit of d(s)?
3
What is the thousands digit of (5 + -7)*(-1073142)/68?
1
Let a = 86852 - 56656. What is the thousands digit of a?
0
Suppose 2*o + 5*i - 678 = 0, 3*o - 250 = i + 733. Suppose -5*y - 1648 = -3*k, -k - 5*y + 207 + o = 0. What is the units digit of k?
6
Suppose 182*k = 986934 + 152022. What is the hundreds digit of k?
2
What is the hundreds digit of ((-1368112)/185)/((-8)/20)?
4
Let v be (10/15*-339)/1. Let z = 336 + v. What is the tens digit of z?
1
Let d = -67 + -7. Suppose -3*k + 2*y + 164 = -271, -725 = -5*k - 2*y. Let r = k + d. What is the tens digit of r?
7
What is the tens digit of (-225334)/(-12) - 3/9 - 65/26?
7
Suppose -2989 - 7994 = -21*h. What is the units digit of h?
3
Let u be ((-9)/(-6))/((-2)/(-12860)) + 5. Suppose -10*b + 6490 + u = 0. What is the units digit of b?
4
Let b(y) = y**3 + 7*y**2 + 2*y - 15. Let k be b(-6). Suppose -2840 - 2947 = -k*g. Let f = g + -379. What is the tens digit of f?
6
Let r(x) = 3*x**2 + 6*x - 9. Suppose 4*a + 42 = 5*f + 11, 5*f = 2*a + 23. Let z be ((a/(-1))/(-4))/(2/14). What is the tens digit of r(z)?
9
Let x(i) = i**3 + 43*i**2 + 102*i - 4. Let v be x(-37). Suppose 0 = 62*r - 66*r + v. What is the tens digit of r?
0
Let n be (1 - 3) + 10 + -5 + 9. Let s be 9*n/(0 - 4). Let b = 28 - s. What is the units digit of b?
5
Suppose 33 = 5*i + 8, 10 = 4*w + 2*i. Suppose 0 = y - 2*y + d, w = -5*d + 10. Suppose 0 = -4*x + y*v + 518, -2*v = -3*x + 70 + 318. What is the tens digit of x?
3
Let l(g) = 239*g + 161. What is the units digit of l(8)?
3
Suppose 5*s = 6*s, -704 = -r - 4*s. Let k = -163 + r. What is the units digit of k?
1
Let c(i) = 14*i**2 - 2*i. Let v be c(1). Suppose 0 = v*j - 2 - 10. What is the units digit of j/((-1)/2 - (-119)/204)?
2
Suppose 2*l = 3*t - 5379, t - 1793 = -4*l - 0. What is the hundreds digit of t?
7
Suppose -2*c - 7*g + 8*g = 51, 0 = 5*c - 5*g + 120. Let k(d) = -d**3 - 25*d**2 + 34*d + 25. What is the units digit of k(c)?
5
Suppose 27*j - 42155 = 44569. Suppose -5*x = -4*f - 4014, 4*x + 2*f = 6*f + j. What is the hundreds digit of x?
8
Let d(s) = -s**3 + 5*s**2 - 6*s + 13. Let h be d(4). Suppose 415 = k + h*l, -8*k + 7*k + 424 = 2*l. What is the units digit of k?
0
Suppose -2733*l = -2734*l + 23702. What is the tens digit of l?
0
Let q(x) = 87*x**2 + 6*x + 1. Let k be q(-1). Let i = 638 - k. What is the hundreds digit of i?
5
Suppose q - 27*q = -1430. What is the tens digit of (66/q)/((-3)/(-3705))?
8
Suppose -4*y = 15*y. What is the tens digit of 3/(-7) + y + (-143623)/(-287)?
0
Let t(g) = 2*g**2 - 92*g + 535. What is the thousands digit of t(51)?
1
Suppose 5*g = -2*w + 27037, 20*w - 21*w + 21632 = 4*g. What is the tens digit of g?
0
Let h be 0/3 - (35 - 8). Let m(z) = 2*z**2 + 44*z + 119. What is the tens digit of m(h)?
8
Suppose 7585 = v + 5*w, 3*v - 3*w - 30225 = -v. Suppose 102*m - 94*m = v. What is the tens digit of m?
4
Suppose s = -4*h + 9099, 3*h + 9098 = 7*h + 2*s. Suppose -f - 1788 = -5*f - 4*k, 5*f - 3*k = h. What is the units digit of f?
2
Let i(v) = 50*v**3 - 11*v**2 + 51*v - 22. What is the tens digit of i(6)?
8
What is the hundreds digit of 1*(4 - (-45)/(-10)) + 179595/10?
9
Suppose 2961 = -188*h + 189*h - o, 0 = -2*h - 3*o + 5907. What is the hundreds digit of h?
9
Let l be (15 - 15)*(2 + -2 + 1). Suppose l = 4*i - 3*z - 39, -2 = z - 1. What is the units digit of i?
9
Let m(i) = -164*i + 64*i + 19 + 74*i. What is the hundreds digit of m(-19)?
5
Let j(p) = -144*p + 131. Let z be j(-31). Suppose z = 3*d - 4*s, d - 4*s = -9*s + 1519. What is the units digit of d?
9
Suppose -255*y = -8040153 - 2579322. What is the ten thousands digit of y?
4
What is the hundreds digit of (-44)/(-12 - 37258/(-3107))?
2
Let j(l) = -1119*l + 4702. What is the hundreds digit of j(-16)?
6
Let m(f) = 67*f**3 - f. Let s be m(-1). Let c = 115 - s. Suppose u - c = -30. What is the tens digit of u?
5
Let m = 59 - 59. Suppose m = -3*c + 1248 + 1047. What is the units digit of c?
5
Let j be (4/8)/((-11)/(-44)). Suppose -5*f + 1281 = j*k, -f = 2*k + 98 - 351. What is the units digit of f?
7
Suppose 1973 = -o - 5*m, 4*o - 4*m + 2*m + 8002 = 0. Let k = -1391 - o. What is the units digit of k?
7
Let j(k) = 30*k + 22. Let z be j(5). Suppose z - 40 = s. Suppose -2*o + s - 16 = 0. What is the units digit of o?
8
What is the tens digit of 3*(-2890)/51*(123/(-6) + 0)?
8
Let v = 699 - 325. Suppose 5*p + 3*x - v = 0, 6*p - x + 302 = 10*p. What is the tens digit of p?
7
Suppose -2*f + 50*f = 5040. What is the units digit of f?
5
Let f = 77 + -75. Let j(q) = 15*q - f - 9*q + 13*q + 25*q. What is the units digit of j(5)?
8
Let z = -41 + 48. Let m(u) = -z - u**2 + 3*u**2 + 15*u - 7*u. What is the tens digit of m(-7)?
3
Let c = 104 - -170. Let l = -271 + c. What is the units digit of l?
3
Let s(n) = 7*n - 50. Let l be s(-17). Let a = 19 - l. What is the units digit of a?
8
Let d be (-32)/(-12) + (-1)/(-3). Suppose -4*c - 8 = g, g - d*c - 13 = -0*g. What is the units digit of 22/8*(g - -32)?
9
Suppose 14 = -2*v + 50. Let b(k) = k**3 - k**2 + 3*k + 4. Let m be b(0). Suppose -14 = -m*p + v. What is the units digit of p?
8
Let b(p) = -p**3 - 20*p**2 + 16*p - 40. Let h be b(-21). Suppose 0 = 2*y - 69 + h. Suppose y*l - 1 - 209 = 0. What is the hundreds digit of l?
1
Let o = 6889 - 1692. What is the hundreds digit of o?
1
What is the tens digit of ((-117495)/(-6) + 5)*(-96)/(-120)?
7
Let p(d) = 9*d - 39. Let o be p(5). Suppose -9*z + 9345 = o*z. What is the tens digit of z?
2
Suppose 1697300 = 110*u + 396220. What is the units digit of u?
8
Let i(l) = 2*l**3 - 36*l**2 - 73*l + 617. What is the thousands digit of i(26)?
9
Let l(p) be the first derivative of 8*p**6/45 + p**5/120 + p**4/8 - 23*p**3/3 + 5. Let s(f) be the third derivative of l(f). What is the tens digit of s(-1)?
6
Let p be 40/15 + 4/3. Suppose 4*d + 1087 = 3*l, -4*d + 1320 + 120 = p*l. What is the hundreds digit of l?
3
Let c = -362 - -244. Let h = 334 - 148. Let k = h + c. What is the units digit of k?
8
Let v = 8988 - -7405. What is the tens digit of v?
9
What is the hundreds digit of (-1092)/168*(-3 - 5575)?
2
Let m = 5 + -11. What is the units digit of 5160/(-70)*21/m?
8
Suppose -105 = -9*c + 4*c. Suppose -c*p - 357 = -24*p. What is the hundreds digit of p?
1
Suppose 5*t = -3*l + 1501, -5*t - 2*l - 316 = -1815. Let k = 505 - t. What is the tens digit of k?
0
Let w(v) = -40*v**2 - 3*v + 5. Let j(t) = -t**2 - 1. Let n(f) = 4*j(f) + w(f). Let p be n(-1). What is the hundreds digit of (-106)/5*p/4?
2
Let w(i) be the third derivative of -i**6/48 - i**5/120 - 2*i**4/3 + 22*i**2. Let k(u) be the second derivative of w(u). What is the units digit of k(-8)?
9
Let i = 1612 - 898. Suppose 5*p - 3*u + 146 - 195 = 0, -3*u = 9. Suppose 2*s + i = p*s. What is the hundreds digit of s?
1
Let b(c) = 2*c**3 - 40*c**2 + 121*c + 97. What is the units digit of b(28)?
9
Let o = 6011 - 3929. Let l = -1338 + o. What is the units digit of l?
4
Let y(v) = -2*v**3 - 134*v**2 + 72*v + 39. What is the tens digit of y(-72)?
9
Let f = -89 + 90. What is the tens digit of (418/(-38))/(f/(-11))?
2
Let t(q) = 1951*q**2 - 101*q - 8. What is the ten thousands digit of t(-4)?
3
Suppose 0*j = 9*j - 27. Suppose -2*c - 428 = -y, -5*y + 0*c + j*c = -2105. What is the units digit of y?
8
Suppose -4*p + 3*v = 3, -p - 4 = 4*p - 4*v. Suppose p = -21*r + 22*r - 1. What is the units digit of (1 - -70) + r + 0?
2
Suppose -14*a + 6320 = -37234. What is the units digit of a?
1
Let k(b) = -b**2 + 1. Let f be k(-1). Suppose f*w - 5*w = 0, 3*h - 849 = 3*w. What is the hundreds digit of h?
2
Let g be 1/((-6)/(-16)*8/156). Suppose 4*t - k + 166 = -14, 0 = -t + 2*k - g. Let f = t - -208. What is the hundreds digit of f?
1
Let s = 98333 + -58269. What is the